20 + 3?
4428623
In base 3, what is 1101001212101 + -20102?
1101001121222
In base 14, what is -9658 - 53a?
-9b94
In base 5, what is -4 - 100423200340?
-100423200344
In base 7, what is -156161553 - -22?
-156161531
In base 16, what is -36 + -ec10?
-ec46
In base 8, what is -230 + -144654?
-145104
In base 10, what is -23222 + 3963?
-19259
In base 3, what is -201210120012 - 22?
-201210120111
In base 2, what is 110000001 + -1011010100100111100?
-1011010011110111011
In base 5, what is -2000 + -220431?
-222431
In base 6, what is -2454 - -25440042?
25433144
In base 10, what is 140238072 - 4?
140238068
In base 13, what is c1 + 2b0936?
2b0a27
In base 4, what is -120030332301 - 32?
-120030332333
In base 7, what is -52404644 + 0?
-52404644
In base 8, what is -5617 - -10343?
2524
In base 13, what is -141092 + 3?
-14108c
In base 13, what is -5280041 + -3?
-5280044
In base 2, what is -100111111010100011100 - 11?
-100111111010100011111
In base 8, what is 143672536 - 0?
143672536
In base 13, what is 5 - 509b78?
-509b73
In base 11, what is -66 - 2713774?
-271382a
In base 7, what is 5123 - -106143?
114266
In base 12, what is -5a + -12a05?
-12a63
In base 7, what is -14 + 66603144?
66603130
In base 6, what is -14311 + -4021441?
-4040152
In base 9, what is 207102333 - -4?
207102337
In base 11, what is 29455 - 1264?
281a1
In base 12, what is 8 + -3527794?
-3527788
In base 10, what is 262 - 321812?
-321550
In base 12, what is -56 - 1b1194?
-1b122a
In base 16, what is 1a60a + 468?
1aa72
In base 2, what is -10000100111011 + 10100010101?
-1110000100110
In base 14, what is -a4d0 - 4?
-a4d4
In base 6, what is -355350 + -4523?
-404313
In base 5, what is -24 + 40103110222?
40103110143
In base 3, what is -10222202221012 + -122?
-10222202221211
In base 16, what is -e47 - -4de?
-969
In base 13, what is -122749 + 31?
-122718
In base 4, what is -23201103 + -2322?
-23210031
In base 12, what is 21 - 150820?
-1507bb
In base 9, what is 5 + -3722330?
-3722324
In base 7, what is -6644633112 + 1?
-6644633111
In base 6, what is 112 - -54544150?
54544302
In base 11, what is a01020 - -9?
a01029
In base 13, what is -1861 + -b268?
-cac9
In base 10, what is -397637 - 118?
-397755
In base 11, what is -2618 - 7720?
-a238
In base 4, what is -1 - 211321302323?
-211321302330
In base 8, what is -33675 - 6245?
-42142
In base 7, what is 23020524 - 12?
23020512
In base 10, what is -8 + -1038983?
-1038991
In base 10, what is -56 + -666880?
-666936
In base 5, what is -30011444 - 1242?
-30013241
In base 11, what is -12853 - -1016?
-11838
In base 2, what is 11011110000101 + -1100011111001?
1111010001100
In base 5, what is -121 + -1403124111?
-1403124232
In base 13, what is 43590b4 + -4?
43590b0
In base 3, what is -1100021212111 + -101121?
-1100022021002
In base 15, what is -a9aea - -d?
-a9adc
In base 8, what is 104 + -11000361?
-11000255
In base 7, what is -4655 + 10343?
2355
In base 5, what is 13124 + -234314142?
-234301013
In base 7, what is 166 + -61466042?
-61465543
In base 16, what is 39 + 1336cf?
133708
In base 16, what is 2bf7 - -2209?
4e00
In base 14, what is 1540adb + -3?
1540ad8
In base 3, what is -10 - 22012202021220?
-22012202022000
In base 3, what is 2 - -20120002021102020?
20120002021102022
In base 5, what is 4143 + -1302433?
-1243240
In base 5, what is -3441412002 + -12?
-3441412014
In base 15, what is -7 - -22da9c?
22da95
In base 9, what is -2066 - 241465?
-243542
In base 4, what is 121300 - -3101221120?
3102003020
In base 10, what is 4 + 55513523?
55513527
In base 8, what is -1253134 - 12?
-1253146
In base 12, what is 1353034 - 8?
1353028
In base 10, what is -170 - 1064774?
-1064944
In base 7, what is -14 - 1436032?
-1436046
In base 10, what is -5 + -238555284?
-238555289
In base 9, what is -25731 + 510?
-25221
In base 5, what is 10023404 - 21002?
10002402
In base 3, what is 121220011 - -200021100?
1022011111
In base 6, what is 1524 + 322441?
324405
In base 3, what is -21021 - -12122010?
12100212
In base 15, what is a8ab71 - 7?
a8ab69
In base 6, what is -5343 + 35153?
25410
In base 14, what is 5495d - 37a?
545c3
In base 4, what is 2 + 3122312303222?
3122312303230
In base 10, what is -89350 - 20?
-89370
In base 11, what is -84 + -189708?
-189791
In base 13, what is -372b - 959?
-4387
In base 8, what is 3 - -132253255?
132253260
In base 2, what is 1101000001101100000101001 + -10011?
1101000001101100000010110
In base 4, what is -12202 + -20312210?
-20331012
In base 5, what is -230 - 14310032?
-14310312
In base 10, what is 1939350 + 122?
1939472
In base 16, what is a427761 - 1?
a427760
In base 2, what is -101000011011101101 + 111010?
-101000011010110011
In base 8, what is 1521 - 262346?
-260625
In base 9, what is 182 + 4234735?
4235027
In base 4, what is 232303223321 + -101?
232303223220
In base 10, what is 72494 - 48?
72446
In base 10, what is -55229 + -102?
-55331
In base 7, what is -10 + 25210011?
25210001
In base 2, what is 100 - 110100111101101100?
-110100111101101000
In base 15, what is d + 1c6db0?
1c6dbd
In base 6, what is -1331 + -5414233?
-5420004
In base 10, what is 23 + -54763?
-54740
In base 3, what is 22220021 + 2210222?
102201020
In base 5, what is 1411034331020 + 0?
1411034331020
In base 6, what is -110352200 + 4?
-110352152
In base 7, what is -14640 - -356524?
341554
In base 7, what is 560006 + -116?
556560
In base 13, what is 217 + ca331?
ca548
In base 15, what is -15b + -5458?
-55b4
In base 6, what is 1504034 + -1154?
1502440
In base 8, what is -22516331 - -56?
-22516253
In base 5, what is 44 - 231042320?
-231042221
In base 14, what is -316 - 88c4?
-8bda
In base 12, what is 261a6355 - 6?
261a634b
In base 7, what is 110 - 201?
-61
In base 10, what is 29 - -104630?
104659
In base 6, what is 3312 - -514440?
522152
In base 9, what is -2473 + -1252?
-3735
In base 15, what is -172 - 2006a?
-201dc
In base 4, what is -21100 + -132110020?
-132131120
In base 10, what is 16 + -756988?
-756972
In base 13, what is -7866a + -1c?
-78689
In base 16, what is 1bf - 1f9da?
-1f81b
In base 16, what is -d67e70 + -5?
-d67e75
In base 14, what is 1a939351 - 3?
1a93934c
In base 6, what is -102 + 151542445?
151542343
In base 15, what is -1b5 + 123a6a?
1238a5
In base 15, what is -4187ab5 + 8?
-4187aac
In base 8, what is 133 + 1037507?
1037642
In base 12, what is 1a73 + -19a5?
8a
In base 9, what is 10331000 + 0?
10331000
In base 5, what is 4 - -4002140013?
4002140022
In base 12, what is 4a265 - -13b?
4a3a4
In base 11, what is 2051876 + -10a?
2051767
In base 6, what is -501505 - 2521?
-504430
In base 9, what is -24 - 10622152?
-10622176
In base 10, what is 915 - -17635?
18550
In base 5, what is -243142410 + -32?
-243142442
In base 8, what is 252123741 + 4?
252123745
In base 10, what is -7 + 150444?
150437
In base 5, what is -21130 + -112210?
-133340
In base 8, what is 2 - 44114727?
-44114725
In base 16, what is 175db0 + 6?
175db6
In base 5, what is 32413442 + 2242?
32421234
In base 16, what is -151 + 9ec6?
9d75
In base 10, what is -11 - -19790071?
19790060
In base 10, what is 77183 - 242?
76941
In base 13, what is -796 - 600?
-1096
In base 4, what is -32202132000 - -1?
-32202131333
In base 3, what is 100011121222200 + -121?
100011121222002
In base 2, what is -1111001 - 11001100101111011111?
-11001100110001011000
In base 9, what is 30826874 - -7?
30826882
In base 16, what is -15e92fd8 + 5?
-15e92fd3
In base 12, what is -57 - -2a2781?
2a2726
In base 3, what is 2221202 + 2211212?
12210121
In base 8, what is 44515112 - -2?
44515114
In base 8, what is -27 - -5241056?
5241027
In base 10, what is -6 + 163818002?
163817996
In base 4, what is -11001300 - 2321?
-11010221
In base 11, what is -54716 + -90?
-547a6
In base 11, what is 133669 + 8?
133676
In base 16, what is 6fe67 + 19?
6fe80
In base 7, what is -123020316 + 0?
-123020316
In base 11, what is -72 - -a23378?
a23306
In base 3, what is 0 + 12112122002022220?
12112122002022220
In base 13, what is -16 + 942236?
942220
In base 12, what is -81 - 15931?
-159b2
In base 10, what is 0 + 13918086?
13918086
In base 4, what is 1103122200 + 21?
1103122221
In base 6, what is 5 - 12143122002?
-12143121553
In base 2, what is 111101010111100 - 110101?
111101010000111
In base 9, what is 122 + 15648007?
15648130
In base 16, what is -9bb5c8e + 0?
-9bb5c8e
In base 9, what i